of 36024.
2, 3, 19, 79
List the prime factors of 16036.
2, 19, 211
List the prime factors of 95269.
47, 2027
What are the prime factors of 10190?
2, 5, 1019
List the prime factors of 5160.
2, 3, 5, 43
What are the prime factors of 2170?
2, 5, 7, 31
List the prime factors of 1453.
1453
List the prime factors of 24228.
2, 3, 673
List the prime factors of 188107.
188107
What are the prime factors of 9405?
3, 5, 11, 19
What are the prime factors of 1280?
2, 5
List the prime factors of 1993.
1993
What are the prime factors of 194?
2, 97
What are the prime factors of 1517?
37, 41
List the prime factors of 26985.
3, 5, 7, 257
What are the prime factors of 29086?
2, 14543
What are the prime factors of 7217?
7, 1031
What are the prime factors of 1023?
3, 11, 31
What are the prime factors of 17203?
17203
What are the prime factors of 1819?
17, 107
List the prime factors of 8032.
2, 251
List the prime factors of 2666.
2, 31, 43
What are the prime factors of 2692?
2, 673
What are the prime factors of 35259?
3, 7, 23, 73
What are the prime factors of 2854?
2, 1427
What are the prime factors of 930?
2, 3, 5, 31
What are the prime factors of 41064?
2, 3, 29, 59
List the prime factors of 16319.
16319
What are the prime factors of 689?
13, 53
List the prime factors of 855.
3, 5, 19
List the prime factors of 6520.
2, 5, 163
List the prime factors of 2777.
2777
List the prime factors of 2611.
7, 373
List the prime factors of 19958.
2, 17, 587
List the prime factors of 194.
2, 97
What are the prime factors of 444?
2, 3, 37
What are the prime factors of 46493?
19, 2447
What are the prime factors of 11304?
2, 3, 157
List the prime factors of 701.
701
What are the prime factors of 14933?
109, 137
List the prime factors of 3126.
2, 3, 521
List the prime factors of 1654.
2, 827
What are the prime factors of 10440?
2, 3, 5, 29
List the prime factors of 31776.
2, 3, 331
List the prime factors of 182203.
7, 26029
List the prime factors of 652.
2, 163
What are the prime factors of 5403?
3, 1801
List the prime factors of 10821.
3, 3607
What are the prime factors of 9298?
2, 4649
What are the prime factors of 24663?
3, 8221
What are the prime factors of 468?
2, 3, 13
List the prime factors of 13630.
2, 5, 29, 47
What are the prime factors of 55503?
3, 7, 881
What are the prime factors of 10338?
2, 3, 1723
What are the prime factors of 58975?
5, 7, 337
What are the prime factors of 75959?
13, 5843
List the prime factors of 31120.
2, 5, 389
What are the prime factors of 3614?
2, 13, 139
What are the prime factors of 18902?
2, 13, 727
What are the prime factors of 15780?
2, 3, 5, 263
List the prime factors of 17939.
17939
List the prime factors of 182.
2, 7, 13
What are the prime factors of 10619?
7, 37, 41
List the prime factors of 1604.
2, 401
List the prime factors of 11320.
2, 5, 283
What are the prime factors of 304?
2, 19
List the prime factors of 1104.
2, 3, 23
List the prime factors of 463.
463
List the prime factors of 279.
3, 31
What are the prime factors of 16172?
2, 13, 311
List the prime factors of 268.
2, 67
List the prime factors of 71120.
2, 5, 7, 127
List the prime factors of 2437.
2437
What are the prime factors of 2199?
3, 733
List the prime factors of 83.
83
What are the prime factors of 557?
557
List the prime factors of 87.
3, 29
List the prime factors of 132.
2, 3, 11
What are the prime factors of 45104?
2, 2819
What are the prime factors of 15321?
3, 5107
What are the prime factors of 25867?
25867
What are the prime factors of 12755?
5, 2551
List the prime factors of 4394.
2, 13
List the prime factors of 9164.
2, 29, 79
List the prime factors of 547.
547
List the prime factors of 52.
2, 13
What are the prime factors of 6653?
6653
List the prime factors of 12441.
3, 11, 13, 29
What are the prime factors of 1213?
1213
What are the prime factors of 13?
13
What are the prime factors of 593?
593
What are the prime factors of 7535?
5, 11, 137
List the prime factors of 1978.
2, 23, 43
What are the prime factors of 7703?
7703
List the prime factors of 19008.
2, 3, 11
What are the prime factors of 13082?
2, 31, 211
List the prime factors of 1121.
19, 59
List the prime factors of 107209.
107209
List the prime factors of 92369.
92369
What are the prime factors of 15654?
2, 3, 2609
List the prime factors of 55673.
55673
List the prime factors of 10361.
13, 797
List the prime factors of 135.
3, 5
What are the prime factors of 1176?
2, 3, 7
What are the prime factors of 10040?
2, 5, 251
List the prime factors of 2344.
2, 293
What are the prime factors of 1477?
7, 211
What are the prime factors of 5555?
5, 11, 101
List the prime factors of 666.
2, 3, 37
What are the prime factors of 1433?
1433
List the prime factors of 164450.
2, 5, 11, 13, 23
What are the prime factors of 1941?
3, 647
What are the prime factors of 6246?
2, 3, 347
List the prime factors of 1765.
5, 353
What are the prime factors of 2755?
5, 19, 29
List the prime factors of 33395.
5, 6679
List the prime factors of 2139.
3, 23, 31
List the prime factors of 5242.
2, 2621
List the prime factors of 14400.
2, 3, 5
What are the prime factors of 1604?
2, 401
List the prime factors of 5505.
3, 5, 367
List the prime factors of 660.
2, 3, 5, 11
What are the prime factors of 85585?
5, 17117
What are the prime factors of 30187?
30187
What are the prime factors of 1057?
7, 151
List the prime factors of 1576.
2, 197
List the prime factors of 93783.
3, 43, 727
What are the prime factors of 280?
2, 5, 7
What are the prime factors of 4928?
2, 7, 11
What are the prime factors of 1353?
3, 11, 41
What are the prime factors of 5608?
2, 701
List the prime factors of 3757.
13, 17
List the prime factors of 3654.
2, 3, 7, 29
List the prime factors of 1243.
11, 113
List the prime factors of 12627.
3, 23, 61
What are the prime factors of 1017?
3, 113
List the prime factors of 2149.
7, 307
List the prime factors of 1734.
2, 3, 17
What are the prime factors of 7818?
2, 3, 1303
What are the prime factors of 1308?
2, 3, 109
What are the prime factors of 32788?
2, 7, 1171
What are the prime factors of 14589?
3, 1621
What are the prime factors of 6352?
2, 397
List the prime factors of 143649.
3, 11, 1451
List the prime factors of 1154.
2, 577
List the prime factors of 329.
7, 47
What are the prime factors of 225?
3, 5
What are the prime factors of 175?
5, 7
What are the prime factors of 2371?
2371
What are the prime factors of 2413?
19, 127
List the prime factors of 563.
563
List the prime factors of 2677.
2677
What are the prime factors of 2391?
3, 797
List the prime factors of 11299.
11299
What are the prime factors of 74477?
13, 17, 337
List the prime factors of 1052.
2, 263
List the prime factors of 8873.
19, 467
List the prime factors of 15519.
3, 7, 739
List the prime factors of 766.
2, 383
List the prime factors of 41654.
2, 59, 353
List the prime factors of 300.
2, 3, 5
What are the prime factors of 92?
2, 23
List the prime factors of 11968.
2, 11, 17
List the prime factors of 1497.
3, 499
What are the prime factors of 6713?
7, 137
List the prime factors of 1657.
1657
List the prime factors of 57319.
31, 43
What are the prime factors of 642?
2, 3, 107
List the prime factors of 3980.
2, 5, 199
What are the prime factors of 45613?
45613
List the prime factors of 174.
2, 3, 29
What are the prime factors of 54048?
2, 3, 563
List the prime factors of 8668.
2, 11, 197
What are the prime factors of 31697?
29, 1093
What are the prime factors of 5568?
2, 3, 29
List the prime factors of 3321.
3, 41
What are the prime factors of 9037?
7, 1291
What are the prime factors of 1722?
2, 3, 7, 41
What are the prime factors of 41639?
13, 3203
What are the prime factors of 6337?
6337
What are the prime factors of 11430?
2, 3, 5, 127
What are the prime factors of 101310?
2, 3, 5, 11, 307
What are the prime factors of 44083?
13, 3391
What are the prime factors of 9506?
2, 7, 97
List the prime factors of 25578.
2, 3, 7, 29
List the prime factors of 2419.
41, 59
What are the prime factors of 255?
3, 5, 17
What are the prime factors of 2122?
2, 1061
What are the prime factors of 7287?
3, 7, 347
What are the prime factors of 35513?
17, 2089
List the prime factors of 7863.
3, 2621
List the prime factors of 7911.
3, 293
What are the prime factors of